**2 - 4*m + 1/12*m**4 - 1/3*m**3. What are the prime factors of s(4)?
2, 5
Suppose f + 5 = -5*v, -6*v + 2*v - 4 = -3*f. Let a = 2 + v. Let j = a - -6. List the prime factors of j.
7
Let f(o) = o**2 - 20*o - 1. Let u(g) = -g - 1. Let s(t) = -f(t) + 6*u(t). What are the prime factors of s(13)?
2
Let a(n) = 63*n + 15. List the prime factors of a(3).
2, 3, 17
Suppose -4*j + 65 = 5. List the prime factors of j.
3, 5
Let d = 3 - 1. What are the prime factors of (d/(-2))/((-2)/26)?
13
Let w(n) = n**2 + 1. Let d be w(0). Let z(a) = 3*a - 1. List the prime factors of z(d).
2
Let m(n) = n**3 + 12*n**2 + 3*n + 8. Let l be m(-12). Let t = -18 - l. List the prime factors of t.
2, 5
Let q = -9 + 13. Suppose 5*r - 16 = -4*v, -3*r = -4*v - 20 + q. Suppose -r*o + 14 - 2 = 0. List the prime factors of o.
3
Let f = 22 - 12. Suppose f = q + q. What are the prime factors of q?
5
Let a(r) = -2 - 3 + r**2 + 3 + 3 + 5*r. List the prime factors of a(-6).
7
Suppose 5*z = -4*y + 35, -4*z = 6*y - 2*y - 32. Suppose -z*s + 145 = 2*s. List the prime factors of s.
29
Let y(c) = -43*c - 8. List the prime factors of y(-4).
2, 41
Let m(q) = -q**3 - 5*q**2. Let l be m(-5). Suppose l = 2*f - 5*f. Let k = 4 + f. List the prime factors of k.
2
Let j(m) = 40*m**2 - 2*m - 3. List the prime factors of j(-2).
7, 23
Let o = 5 - 5. Suppose -j = -o*j. Suppose j*f - f = -3. What are the prime factors of f?
3
Let a(n) = -n**2 - 14*n + 18. What are the prime factors of a(-11)?
3, 17
Suppose -4*o = 5*y - 55, 2*y + 0*o = 3*o - 1. Let q = 15 + y. What are the prime factors of q?
2, 11
Let m = -27 + 10. What are the prime factors of 9/6*2 - m?
2, 5
Let n be 3 + -3 + (16 - -1). Let i = -1 - -5. Suppose n + 19 = i*w. What are the prime factors of w?
3
Suppose -6 = -2*i + 5*w, -i + 0*w = -w - 3. Suppose -16 + 4 = -i*p. What are the prime factors of ((-5)/p)/((-1)/4)?
5
Let j(p) = p + 13. Let b be j(13). Let w = 61 - b. What are the prime factors of w?
5, 7
Suppose -2*s - 5*g = -40, -4*s - 8*g + 52 = -5*g. List the prime factors of s.
2, 5
Suppose -4*l - a = -141, -21 = -4*a - 1. List the prime factors of l.
2, 17
Let p = 278 - 166. What are the prime factors of p/6 + 6/18?
19
Let f = -20 - -42. List the prime factors of f.
2, 11
Suppose 0*v - 4*v = -212. What are the prime factors of v?
53
Let q = 0 + -1. Let c = -3 + q. Let p = c + 16. What are the prime factors of p?
2, 3
Let q = -15 + -45. Let u = q + 109. What are the prime factors of u?
7
Suppose 2*v = 50 + 48. What are the prime factors of v?
7
Let n(c) = 5*c**2 - 3*c + 5. Suppose -12 = -5*z + z. What are the prime factors of n(z)?
41
List the prime factors of -3*5/((-20)/292).
3, 73
Suppose -1330 = o - 8*o. List the prime factors of o.
2, 5, 19
Let z be 51/15 + (-2)/5. List the prime factors of z*1/3*47.
47
Let g = -54 + 94. What are the prime factors of g?
2, 5
Let m be (-3)/((3/(-2))/1). Suppose 0 = -5*i, -i + 35 = -g + m*g. What are the prime factors of g?
5, 7
Let f(o) = -3 + 5*o**2 - o**2 + o**3 - 3*o - o**2. Suppose -4*p = p + 2*h + 7, 4*p - 5*h = -32. List the prime factors of f(p).
2, 3
Let y(k) be the third derivative of -k**6/10 - k**5/60 - k**4/12 - k**3/6 + 2*k**2. List the prime factors of y(-1).
2, 3
Suppose 3*q - 10 = -2*c + q, -4*c - 12 = -4*q. Let a be (-7 - -3)*c/(-2). Suppose 5*p - a*j = 108, -4*p = -4*j + 2*j - 88. What are the prime factors of p?
2, 5
Suppose -3*q = -3*l + 813, 0*l + 2*q - 530 = -2*l. List the prime factors of l.
2, 67
Let h(o) = -3*o**2 - 4*o + 2. Let g be h(-4). Let k be ((-2)/(-6))/((-2)/g). Suppose x - k*x + 59 = 3*i, 4*i - 42 = -2*x. What are the prime factors of x?
11
Let k(d) = -d**2 - d - 12. Let u be k(0). Let l be (9/1)/(u/80). What are the prime factors of (2/6)/((-4)/l)?
5
Suppose 0 = 3*d + 5*a - 29, 0*d - 3*a = -5*d + 105. What are the prime factors of d?
2, 3
Suppose -p + 6*p - 15 = 0. Let d = p - -13. What are the prime factors of d?
2
What are the prime factors of ((-18)/21)/(1/(-28))?
2, 3
Suppose 16 = t - 5*f, -2*f + 48 = -0*t + 3*t. What are the prime factors of t?
2
Let u(h) = -h - 1. Let s(f) = 23. Let b(w) = -s(w) - 5*u(w). What are the prime factors of b(11)?
37
Suppose 0 = -i + 4*a + 28, -2*a + 28 = 4*i + 3*a. What are the prime factors of i*1/(3/9)?
2, 3
Let n = 6 - 2. Let b = 9 - n. What are the prime factors of b?
5
Let c(k) = -k + 7 + 6 - 6. Let t(o) = o**3 - o**2 + 5. Let s be t(0). List the prime factors of c(s).
2
Let y = 22 - 6. What are the prime factors of y?
2
Suppose 5*q = 3*q + 8. What are the prime factors of q?
2
Let u(l) = l - 1. Let q(z) = 4*z - 20. Let p(d) = -q(d) + 3*u(d). List the prime factors of p(8).
3
Suppose -8*i + 5*i = 2*x - 36, -3*x - 60 = -5*i. List the prime factors of i.
2, 3
Suppose -t = 2*t - 5*q - 16, -2*t - q = -2. Let u(x) = 2*x**2 - 2*x + 1. Let d be u(t). Suppose -d*k + 40 = -20. What are the prime factors of k?
2, 3
Let w = 30 - 5. List the prime factors of w.
5
Suppose -j - 2*j = -111. List the prime factors of j.
37
Let j = -50 - -179. List the prime factors of j.
3, 43
Let j(t) = t + 10. Let d be j(-5). Suppose 7*q = 2*q - 2*k + 105, -k = -d*q + 105. List the prime factors of q.
3, 7
Let p(b) = 11*b - 2. What are the prime factors of p(12)?
2, 5, 13
Let g(w) = 33*w - 21. Let b(u) = -8*u + 5. Let n(c) = 9*b(c) + 2*g(c). List the prime factors of n(-3).
3, 7
Let t = 29 + -20. Suppose 0*i = 4*i + v - 11, -t = -2*i + 3*v. List the prime factors of 64/6 + 1/i.
11
Let s(f) = 6*f - 1. Let c be s(-4). Let i = -6 - c. List the prime factors of i.
19
What are the prime factors of (-135)/(-4) - 7/(-28)?
2, 17
Let f(r) = -2*r + 9. Let l be f(4). List the prime factors of l*-25*(-6)/15.
2, 5
Let h(f) = f**3 - f**2 + 1. Let c be h(1). Suppose 3 = l + c. Suppose 4*k = g - 15, -l*g - 3*k + 18 = k. What are the prime factors of g?
11
Suppose 0 = -5*l - 12 - 8, 0 = q - 4*l - 21. Suppose -q*t = z + 2*z - 119, -69 = -3*t - z. What are the prime factors of t?
2, 11
Suppose -2*b - 4*z = -5*b - 7, -b + 4*z - 5 = 0. Let i be (-15)/(6/9 + b). List the prime factors of 4/(-18) + 100/i.
2
Suppose 3*h - 4*w - 788 = 0, -11*w + 16*w = -25. What are the prime factors of h?
2
Suppose -4*x + x + 418 = -2*j, -j - 279 = -2*x. What are the prime factors of x?
2, 5, 7
Suppose -5*g = -81 + 16. Suppose 2*h = -0*h - n + g, -4*n = -4. What are the prime factors of h?
2, 3
Suppose 181 = 5*l - 214. What are the prime factors of l?
79
Let o = 162 - 98. What are the prime factors of o?
2
Let u(m) = 2*m**2 - 4*m + 2. Let q be u(2). Suppose 9 = q*k + 1. Suppose -4*y = 5*d, -y = 2*d - 1 + k. List the prime factors of y.
5
Suppose a = 5*h + 2*a - 2, 3*a = 4*h + 6. Let d = 0 + h. Let u = d + 6. What are the prime factors of u?
2, 3
Let f be 128/(-7) + 4/14. What are the prime factors of 16/f*-3*3?
2
Let a(m) = m**2 - 15. List the prime factors of a(7).
2, 17
What are the prime factors of 1/(-5) + 2172/10?
7, 31
Let s be (1 - 2) + -2 + 5. Suppose 44 = z + s. List the prime factors of z.
2, 3, 7
Suppose -2 = 5*d - 7, 3*g + 2*d - 452 = 0. What are the prime factors of g?
2, 3, 5
Let l(v) = v + 8. Let d be l(-6). Suppose 4 = -3*u - 2*y + 79, d*y - 121 = -5*u. Suppose -3*t + u = -7. What are the prime factors of t?
2, 5
Let u(i) = -i**3. What are the prime factors of u(-3)?
3
Let v be 6/(-9) + 37/(-3). Suppose -141 = 4*w - 57. Let s = v - w. List the prime factors of s.
2
Let r = 426 - 243. What are the prime factors of r?
3, 61
Suppose 0 = -2*r + 8*r - 174. List the prime factors of r.
29
Let w(u) = 2*u + 25. List the prime factors of w(11).
47
List the prime factors of (-1)/((1/(-2))/((-931)/(-14))).
7, 19
Let r(h) = -2*h + 1. Suppose 0*p - p + 5*o - 29 = 0, 18 = -2*p + 2*o. List the prime factors of r(p).
3
Suppose 0*z = -2*n - 2*z, -n - 4*z = 9. Suppose 3*x - 5*w = 6, -2*w + 0*w + 27 = n*x. What are the prime factors of x?
7
Let p(u) = 3*u + 0*u + 3*u**2 - u - 2*u**2. List the prime factors of p(-3).
3
Suppose -4*k + 2*k + p - 19 = 0, -2*p - 43 = 5*k. Let j(b) = b**3 + 9*b**2 + b + 13. Let v be j(k). Suppose 6 = v*h - 6. List the prime factors of h.
3
Let i = -27 - -64. What are the prime factors of i?
37
Suppose -5*r - 5 = 5. List the prime factors of 3/(1/r + 2).
2
Let s = -2 - -2. Suppose 0*o - 4*o - 3*w + 81 = s, -5*o + 2*w = -107. What are the prime factors of o?
3, 7
Suppose -7